 c be (1 - 4) + 1 - -8. Let x(j) = c*b(j) - z(j). Let u be (-2)/3*(-5 - 1). Determine x(u).
-1
Let l(c) = -c**2 + 6*c - 2. Let q be l(4). Let s(k) = 4*k + 14 - 4 + k - q*k. Give s(0).
10
Let x(l) = 2*l + 4*l - 1 - 3*l. Suppose 2*r = 4*q + 20, 2*r + 3*r + 4*q - 92 = 0. Suppose -2*h = -2*k - 6, 0*h + 4*h = 5*k + r. Determine x(h).
-4
Let z(s) = -s**3 + 5*s**2 + 5*s + 6. Suppose 3*i - 24 = -4*h - i, 4*h = 3*i + 31. Suppose 0 = 4*l - w - 30 + h, w - 7 = -l. Determine z(l).
0
Let o(r) be the first derivative of -r**2/2 - 11*r + 13. What is o(-7)?
-4
Suppose 2*a - 18 = -a. Let n(d) = 4*d + 1. Let q(z) = -3*z - 1. Let x(w) = a*n(w) + 7*q(w). Suppose 3*o - 10 = o + 4*r, -3 = -3*o + 2*r. What is x(o)?
-4
Let n(r) be the first derivative of -r**5/120 - r**4/6 + 2*r**3/3 + 2. Let l(j) be the third derivative of n(j). What is l(-5)?
1
Suppose 5 + 4 = 3*h. Let w(v) be the first derivative of v**5/60 - v**4/8 - v**3/2 - v**2/2 - 1. Let n(z) be the second derivative of w(z). Calculate n(h).
-3
Let d(m) = -4*m**2 + m**2 + 0*m**2 - 4 - 2*m + 4*m**2. Determine d(-4).
20
Let w(i) = i**3 - 7*i**2 + 7*i + 3. Let k(p) = p - 2. Let u be k(8). What is w(u)?
9
Let k(y) = y**2 - 2*y. Let o(i) = -i**3 - 8*i**2 + 3. Let f(a) = a - 3. Let w be f(-5). Let v be o(w). Determine k(v).
3
Let t(b) = -b**3 - 6*b**2 + b + 3. Suppose -3*j = -2*k - 23, -5*k - j = -2*j + 25. Let h = -10 - k. What is t(h)?
-3
Let v(k) be the third derivative of -k**6/120 - 7*k**5/60 - k**4/6 + 2*k**3/3 + k**2. Let h(y) = -y**3 - 16*y**2 - 17*y - 36. Let r be h(-15). What is v(r)?
-8
Let l(a) be the first derivative of a**2/2 - 7*a - 51. Determine l(4).
-3
Let q(j) = -23*j**2 - 2*j + 1. Let w(b) = -116*b**2 - 10*b + 6. Let l(d) = 11*q(d) - 2*w(d). Determine l(-1).
-20
Let o(n) be the first derivative of n**4/2 + n**3 + 3*n**2/2 + 3*n - 4. Give o(-2).
-7
Let n(w) = -w - 9. Let u be n(-5). Let r = -22 - -22. Let f(q) = 6*q - 4*q**2 - 6 - 8*q + r*q**3 - q**3. Give f(u).
2
Let a(g) = -g**2 + 8*g - 8. Suppose -2*j + 3 = -13. Determine a(j).
-8
Let h(f) = -f**3 + f + 8. Let q be h(0). Let x = -14 + q. Let v be ((-2)/x)/((-1)/(-3)). Let u(o) = -5*o - 1. Calculate u(v).
-6
Let c(l) = -5*l - 5. Let j(o) = -o - 1. Let i(t) = c(t) - 6*j(t). Let k = -40 + 43. Give i(k).
4
Let a be (-4*1)/1 - -1. Let c(w) be the third derivative of -1/60*w**5 + 0*w + w**2 + 0 + 0*w**4 + 1/3*w**3. Give c(a).
-7
Let s(f) = 0*f + 0 + 5*f**2 - f**3 + 2 + 0*f**2 - 2*f. Let y(u) = u**3 - 2*u**2 - 3*u + 2. Let c be y(3). Calculate s(c).
10
Let w(z) = -6 - z**3 - 5*z**2 - 5*z + 5 - 2*z**2. Give w(-6).
-7
Let k(f) be the first derivative of -f**4/12 + 2*f**2 + 3. Let b(v) be the second derivative of k(v). Let t be b(-2). Let g(u) = u**2 - 6*u + 3. Calculate g(t).
-5
Suppose -10 + 5 = 5*k. Let o(w) = 7*w**3 + w**2 - w - 1. Let n(c) = -c**2 - c. Let u be (-21)/(-12) + (-3)/4. Let j(r) = u*n(r) - o(r). Give j(k).
6
Let g = 7 - 11. Let n = 3 + g. Let r(c) = -5*c. What is r(n)?
5
Suppose 4*v - 5*j + 21 = -20, 3*j = 5*v + 35. Let x(m) = -m**2 - 3*m + 2. Give x(v).
-2
Suppose 19 = 5*x - 1. Suppose 0 = -c + 1 + 1. Let o(t) = c + 4*t - x*t**2 - 1 - 3*t. Calculate o(-1).
-4
Let f(k) = -k**3 - 3*k**2 - 3*k - 4. Let c(h) = -2*h - 4. Let x be c(3). Let n = 2 - 8. Let t be (n/x)/(4/(-20)). What is f(t)?
5
Let b(z) be the third derivative of -z**7/630 - z**6/720 + z**5/120 - z**4/8 + 3*z**2. Let h(s) be the second derivative of b(s). Give h(1).
-4
Let d(u) = -u - 8. Let a be -2 + 3/((-3)/(-4)). Suppose a*w - 16 + 0 = 2*c, 4*w = -4*c. Determine d(c).
-4
Let v(o) = -2*o - 3. Let n be v(-3). Let r(d) = -6 + 12 - d - 8 - n. Calculate r(5).
-10
Let s(l) = l**3 - 4*l**2 - 3*l + 4. Let a(n) be the first derivative of n**4/4 - 8*n**3/3 + 7*n**2/2 + 4*n + 3. Let r be a(7). Give s(r).
-8
Let d = 6 - 4. Let r(z) = -2*z - 7. Let f be r(-6). Let o(u) = f + u**3 - 6*u**2 - 5*u + 10*u - d. Give o(5).
3
Let z be -4 - -6 - (-1 - -4). Let x(s) = -4*s - 1. Let b be x(z). Let j be (2/b)/(2/9). Let d(m) = m**2 - m - 2. Calculate d(j).
4
Let a(j) = 3*j + j - 4*j - 4 - j. Let l(m) = m. Let h be l(-4). Calculate a(h).
0
Let s be (-4)/6 - (-52)/(-12). Let b(i) = -i**3 - 5*i**2 - i + 3. Calculate b(s).
8
Let b(g) = -9*g**2 + 1. Let l(k) = -k**2 - 5*k + 7. Let s(j) = -j - 13. Let f be s(-7). Let i be l(f). Determine b(i).
-8
Let q(p) = -p**3 + 3*p**2 + p + 7. Let a(h) = -h - 1. Let k(t) = 4*a(t) + q(t). What is k(2)?
1
Suppose 5*a - 4 = 1. Let c(t) = 4*t**2 + t + 6. Let y(f) = -5*f**2 - f - 7. Let g(d) = -7*c(d) - 6*y(d). Give g(a).
1
Let y = 4 - 1. Suppose -y*z + z = -6. Let s(r) = -2*r - 3*r**2 - 4*r**3 - 3*r**2 + 3*r**z + r**2 - 5. Calculate s(-5).
5
Let a be ((-3 - -3)/(-3))/(5 - 2). Let x(c) be the first derivative of c**2/2 - 6*c + 1. Give x(a).
-6
Let m(h) = h**3 - 2*h + 1. Suppose 0 = -5*z - 2 - 8. Calculate m(z).
-3
Suppose -3*r = -r - 12. Let h(j) = -2*j + 7. What is h(r)?
-5
Let u(h) = -3*h - 7. Let s(z) = -z. Let k(t) = -4*s(t) + u(t). Determine k(5).
-2
Suppose -3*q = -3 - 0. Let u(w) = 14*w + 4. Let k(h) = 5*h + 5. Let n(b) = b + 1. Let r(a) = -k(a) + 6*n(a). Let t(z) = 5*r(z) - u(z). What is t(q)?
-8
Suppose 5*w - 4*m - 79 - 15 = 0, m + 73 = 4*w. Let s = -17 + w. Let b(l) = l**3 + l**2. Determine b(s).
2
Let m(d) = -d + 5. Let c be 6/(6/(-1)*(-4)/36). Give m(c).
-4
Let s(v) = -v**2 + 2 + 2*v - 2*v - 3*v + v. Give s(-4).
-6
Let x(q) = -q**3 - 3*q**2 + 2*q + 2. Let h(u) = 2*u**3 + 5*u**2 - 5*u - 5. Let s(w) = -3*h(w) - 7*x(w). What is s(-6)?
-5
Suppose -4*z - 10 + 10 = 0. Let k(s) be the second derivative of 1/3*s**3 - 1/6*s**4 + z + s**2 + s. Determine k(-2).
-10
Let j = -9 + 3. Let c(a) = -a**3 - 7*a**2 - 5*a + 4. Give c(j).
-2
Let d(v) be the second derivative of v**6/720 - v**5/120 + 7*v**4/12 - v. Let w(t) be the third derivative of d(t). Determine w(0).
-1
Let b(s) = -4*s + 4. Let p = -11 + 18. Let j(m) = m**2 - 7*m + 3. Let k be j(p). What is b(k)?
-8
Let c = 193 + -201. Let i(l) = l**2 + 6*l - 11. Give i(c).
5
Let v be 2 + 1*(-2 - -4). Suppose v*w - 1 - 7 = 0. Let p(h) = 3*h - 2 + 0*h - 3*h**3 + 2*h**3. What is p(w)?
-4
Let s(a) = -2 + 4 + 4*a - 6*a - 3*a + 0*a. Let v = -8 + 6. Calculate s(v).
12
Let b(o) = -9*o + 56. Let q be b(6). Let f(w) = -4*w**2 + 2. Give f(q).
-14
Let o(x) = -x**3 + 4*x**2 + 3*x + 7. Let b be (2 + (-2)/6)*3. Suppose -3*a - 10 = -b*a. Give o(a).
-3
Let m(b) = b**3 + 29 - 9 - 10 + 6*b - 12 - 5*b**2. Give m(4).
6
Let s(b) = b**3 - 17*b + 13*b**2 + 3 + 4*b + 14. Let z be s(-14). Let f(t) = t**3 - 2*t**2 - 3*t - 2. Determine f(z).
-2
Let j(o) be the first derivative of -1/4*o**4 + 1 + 0*o**2 - 3*o - 2*o**3. Calculate j(-6).
-3
Let x(f) = 3*f**3 + f**2. Let o = -31 + 32. Calculate x(o).
4
Let r = 59 + -55. Let q(c) = -c**3 + 4*c**2 - 3*c + 5. Give q(r).
-7
Let d(q) = -4*q**3 - 3*q**2 + 2*q + 2. Let j(y) = y**3 - y. Let i(p) = -d(p) - 5*j(p). Suppose 0 = t - 0*t - 9. Suppose -t - 6 = -5*o. Give i(o).
7
Let n(l) = l**2 - 5*l. Let o = -12 + 16. Suppose o*r - 3 - 13 = 0. Give n(r).
-4
Let t be 2/1 - (-2 - -3). Suppose -t + 3 = -2*i. Let x(w) be the second derivative of w**3/6 + w**2/2 + 4*w. Calculate x(i).
0
Let c(a) = 3*a**2 + 5*a + 4. Let r be c(-3). Suppose -4*n + r = -0*n. Let g(d) = 0*d**2 - 8*d - 4 + 5*d + d**2. Give g(n).
0
Let i = 4 + -2. Let o(c) = -6*c + 3*c**3 - 5*c**2 + 3*c**2 - c**i - 2*c**3 + 3. Determine o(4).
-5
Let p(r) = -r**2 + 6*r - 5. Let m be (-38)/(-5) + 9/(-15). Let v = m - 3. Determine p(v).
3
Suppose 0 = i - 0 + 1. Let p(t) = -2*t + 1. Let j(m) = m. Let y(d) = i*p(d) - j(d). Calculate y(-3).
-4
Let v be (-24)/(-14) - 2/(-7). Let k = -1 + v. Suppose -x = -4 - k. Let f(y) = -y - 1. Calculate f(x).
-6
Let w(u) = u - 4. Let s be w(7). Let q(p) = 3*p - s*p + 6 - p + 2*p. Determine q(-5).
1
Let s(d) = -13 - 2*d - 8 + 20. Give s(5).
-11
Suppose -3 - 7 = -5*n. Let p(x) = 2*x**n - 4*x + 1 - 11*x + 16*x. What is p(2)?
11
Let p(f) = -8*f - 2. Let z be p(-1). Let b(x) = -5*x**3 - 3*x**2 + 2*x - 4. Let s(q) = q**3 + 1. Let h(t) = z*s(t) + b(t). What is h(2)?
2
Let a(w) be the second derivative of w**4/6 - w**3/3 + w**2/2 - 14*w. Let u = -5 + 5. Suppose o + 4*o + 10 = u. Determine a(o).
13
Let i(b) = 2*b + 6. Suppose 3*h = 5*h + 2. Let v(d) = 8*d**3 - d**2 - d + 1. Let k be v(1). Let r be 1 + h - 42/k. What is i(r)?
-6
Suppose 2